
13
Suppose 0 = 52*z - 1880 + 320. Suppose -g - g + 346 = 2*s, -2*s + 6 = 0. Calculate the greatest common factor of z and g.
10
Let p = -182 - -30. Let x = -104 - p. What is the highest common divisor of 72 and x?
24
Suppose -2*r = -7*r + z + 910, 5*r + 2*z = 910. Let s be 20/50 + 696/10. Calculate the greatest common divisor of r and s.
14
Suppose 0 = 4*z + 10 - 218. Suppose -8*f = -40 - 0. Suppose -y - f*a = -110, 3*y + 4*a - 6*a = 398. Calculate the highest common factor of z and y.
26
Let n be (-1 - 1254/(-14))*(-210)/(-60). Suppose -4*g + n = -2*r, -g - 15*r = -16*r - 79. What is the greatest common factor of 532 and g?
76
Let p(d) = 28*d - 9. Suppose -226*s = -229*s + 3. Let j be p(s). What is the greatest common factor of 323 and j?
19
Let u(j) = 282*j - 762. Let q be u(5). What is the highest common divisor of 5670 and q?
162
Let j be 671/110 + -6 + -3414*(-14)/840. Let p = -68 + 144. What is the highest common factor of p and j?
19
Let q(s) = -s**2 + 67*s - 988. Let l be q(38). What is the greatest common divisor of l and 1444?
38
Let x be (-126)/(-24) + (-78)/(-104). What is the greatest common factor of 219 and x?
3
Suppose 4*m - l = 2*l + 569, 2*m - 271 = -3*l. Suppose -74*y + 88*y = m. What is the highest common divisor of y and 50?
10
Let g(x) = 42*x + 6. Let u be g(6). Let l = -180 + u. Let r be ((-169)/(-52))/((-17)/(-136)). Calculate the greatest common factor of r and l.
26
Let z = 51 + -47. Suppose -z*r = -2*x - 46, -r + 2*x + 4 = -0*x. Let j be 14/(6*(-3 + 0)/(-9)). Calculate the highest common divisor of j and r.
7
Suppose -t - 1439 = -5*a - 369, -a - t + 208 = 0. What is the greatest common divisor of 12 and a?
3
Let t(o) = 20*o + 16. Let d be (-6)/(-8) - (-336)/64. Let y be t(d). Suppose 4*w - 424 = -y. Calculate the greatest common divisor of 9 and w.
9
Let l(z) = -55*z - 33*z - 87*z + 1 + 13. Let o be l(-1). Calculate the greatest common divisor of o and 27.
27
Let x(p) = 5*p**2 - 24*p - 17. Let u be x(7). What is the greatest common factor of u and 740?
20
Let d be ((-79)/5)/((-22)/10890). What is the highest common factor of 316 and d?
79
Let b(t) = -t**2 + 14*t - 50. Let c be b(10). Let p be 48 + (-4)/(c/5). Calculate the greatest common factor of 2 and p.
2
Let t be (23 + -22)*(257 - -2) + 7. What is the highest common divisor of 14 and t?
14
Suppose 9*n - 560 = -n. Suppose 5*a - 3*u - 67 = 776, -5*a + 844 = -4*u. What is the highest common divisor of n and a?
56
Let a be (-94)/1081 - (-96)/46. Let m be (3/a)/((-96)/(-5440)). What is the greatest common divisor of 340 and m?
85
Let t be 1/(-1)*(2 + 7/(-1)). Let z be (2 + (3 - 4))*t. Suppose -2*y = -5*m - 24 - 18, 0 = -z*m + 10. What is the highest common divisor of y and 39?
13
Let y be -12 + (-13 - (-31 + -18)). What is the greatest common factor of y and 9888?
24
Suppose 3485 = 112*c - 71*c. Let p(z) = -25*z**3 + z + 1. Let q be p(-1). Calculate the highest common factor of c and q.
5
Let n(c) = 776*c - 552. Let s be n(4). What is the greatest common divisor of 99 and s?
11
Let o be 13/((-143)/(-99)) - -79. What is the highest common factor of o and 484?
44
Suppose -324 = 6*t - 12*t. Let u = 62 - t. Suppose a - u + 7 = 0. What is the highest common divisor of a and 11?
1
Suppose -191*i + 153*i + 10906 = 0. Calculate the greatest common factor of 7 and i.
7
Suppose -135 = -61*r + 60*r - 3*k, -5*r + 645 = 5*k. Let q be 2/9 - (-728)/r. Let o = 95 + -47. What is the highest common divisor of o and q?
6
Let k be (1 - 54/42)/(5/(-35)). Suppose k*b = -4*d + 84, -2*b = -3*b + 2. Calculate the greatest common divisor of 16 and d.
4
Let g be ((-468)/24)/((-3)/4). Let v be 1*(-22)/385*7 + (-784)/(-10). What is the greatest common factor of g and v?
26
Suppose m + 91 = -5*a - 140, 5*m + 5*a = -1135. Let i = 234 + m. What is the greatest common factor of 488 and i?
8
Suppose 51*y + 827 - 15107 = 0. What is the greatest common divisor of y and 1890?
70
Let n(o) = -23*o - 20*o + 3*o**2 + 0*o**2 + 4 + 3 + 50*o. Suppose 4*f - 4 = 5*f. Let h be n(f). Calculate the greatest common divisor of h and 36.
9
Suppose -20*y + 788 + 1115 + 657 = 0. What is the greatest common factor of 96 and y?
32
Let r(p) = p**2 + p + 46. Let s be r(0). Let m = 14971 - 14741. Calculate the highest common factor of m and s.
46
Let i(n) = -61*n + 47. Suppose -2*c - 2*d - 13 = -c, 5*c + 21 = d. Let g be i(c). What is the greatest common divisor of 22 and g?
22
Let b(o) = -3*o**3 + 32*o**2 + 134*o + 15. Let n be b(13). Calculate the greatest common factor of 448 and n.
14
Suppose 0 = -0*x + 2*x. Suppose x = 3*t + 2*t - 125. Suppose 3*q - 74 = t. What is the highest common factor of q and 22?
11
Suppose -6*d + 3*f = -d - 6, 0 = -5*d + 5*f. Suppose -2*m - 2*y - 92 = -d*m, -y = -3*m + 256. What is the greatest common divisor of 63 and m?
21
Suppose -150*z = -144*z + 24. Let g be z/6 + 7808/183. Calculate the highest common factor of g and 777.
21
Let y = 346 + -322. Suppose 0 = 4*f - 4*g, 4*f + 2*g - 14 = -f. Suppose -f*d + 102 = y. Calculate the highest common factor of d and 13.
13
Let p(i) = 2*i**2 + 12*i - 7. Let a be p(-6). Let f = 11 + a. Suppose z - 15 = f*s, 2*z + 5*s - 2*s - 19 = 0. What is the highest common factor of 44 and z?
11
Let g be 88/12*(-20 + 1 + -2). Let m = g - -217. Calculate the highest common divisor of m and 504.
63
Let y(o) = -2*o**2 + 22*o**2 - 28*o - 3*o**2 + 7 - 8*o**2 - 6*o**2. Let u be y(10). What is the greatest common divisor of 12 and u?
3
Let k = 357 + -347. Let u be 5 - ((-164)/20 + 2/k). What is the greatest common divisor of u and 260?
13
Suppose -15*q = 6202 - 22162. Calculate the highest common divisor of 8 and q.
8
Let j be 0/5 + -135*(-12)/9. Calculate the greatest common divisor of 380 and j.
20
Suppose 908 = 79*b - 1050 - 175. Calculate the greatest common divisor of 37584 and b.
27
Suppose r - 6*r = -250. Let i = r + -48. Suppose 0 = -c - i, 3*b + 7*c - 112 = 3*c. Calculate the greatest common divisor of b and 8.
8
Let l be 24/(-3) + (-1 + -3 - -1). Let u(q) = -q**2 - 11*q + 9. Let n be u(l). Suppose n = x - 23. What is the greatest common divisor of 224 and x?
32
Suppose 2*c - 3*l = 265, -c - 380 = -4*c + l. Let p = c + -111. What is the highest common divisor of p and 35?
7
Let n(k) = -k**3 + 4*k**2 + 8*k + 7. Let x be n(4). Let w(p) = -p**3 + 30*p**2 - 28*p + 10. Let c be w(29). What is the highest common divisor of x and c?
39
Let t(v) = 5*v**2 - 62*v - 4. Let l be t(13). What is the greatest common factor of l and 4480?
35
Let p = 350 + -356. Let w(c) = c**3 + 9*c**2 + 13*c + 18. Let t be w(p). Calculate the greatest common factor of 312 and t.
24
Let y(c) = c**2 - 2*c + 12. Let l be y(8). Suppose -432 = -31*r + 19*r. What is the greatest common factor of l and r?
12
Suppose 4*x - 4772 = 7*t - 5*t, 1192 = x - t. Suppose -x = m - 1196. What is the highest common divisor of m and 8?
2
Let y = 2816 - 2814. Calculate the greatest common factor of y and 179.
1
Let g = 244 - 608. Let l be 0 + 5 - (-3 + 4 + g). Calculate the highest common factor of 23 and l.
23
Let s(k) = -2*k + 2. Let g be s(2). Let i be ((-28)/(-12))/(g/12). Let c(u) = -4*u - 23. Let a be c(i). Calculate the greatest common divisor of a and 165.
33
Let p(v) = -22*v - 614. Let f be p(-28). What is the greatest common divisor of f and 684?
2
Let i be 104 + (-7 - (-13 - 0)). Calculate the highest common divisor of i and 3938.
22
Suppose 47 = -14*u + 159. Suppose -10*a + 7*a + 192 = 0. What is the highest common factor of u and a?
8
Let z be -1 + 9 - 1*-2. Let p be (-18)/(-4) + ((-77)/(-14))/11. Let l(j) = -j**2 + 5*j + 10. Let y be l(p). What is the greatest common factor of y and z?
10
Let m = -95 + 99. Let o = 1 + m. Suppose -4*i + 0*k = -2*k - 14, o*k = -5*i - 5. What is the highest common divisor of i and 1?
1
Suppose 0 = -9*u - 13*u + 132. Suppose -381 = -u*d + 81. Calculate the highest common divisor of d and 88.
11
Let x(c) = 11*c + 24. Let q be x(22). Suppose -10*l + 736 = q. Let k = -23 + l. Calculate the greatest common divisor of 3 and k.
3
Let r be (639 - 124) + 36/2. Let q be 2718/66 + 2/(-11). Calculate the highest common factor of q and r.
41
Let a(i) = 2*i - 27. Let h be a(14). Let z be -2 - -5 - (-1 + h). Suppose z*m - 11 = 10. Calculate the greatest common factor of 63 and m.
7